l(10)?
2
Let w(v) = -2139*v + 10450. What is the ten thousands digit of w(-16)?
4
Suppose 0 = -14298*k + 14317*k - 1270530. What is the hundreds digit of k?
8
Let t(y) = 3*y - 15. Suppose 2*g = 19 + 3. Let c be t(g). What is the units digit of (c/5)/((285/(-400))/(-19))?
6
Suppose -462 = 8*m - 10*m. Let i = -170 + m. What is the tens digit of i?
6
What is the tens digit of (84/(-24) + 5/1)*2114?
7
Let v be ((-4)/3)/(-1 - 18/(-27)). Suppose a + 41 = -m + 334, -273 = -m + v*a. What is the units digit of m?
9
Suppose -3*z = -3*m + 6*m + 9, 0 = z + 2*m + 8. Let i be (7 - 5)*4/(4/z). Suppose -y + 1190 = i*y. What is the units digit of y?
8
Let i = -169 - -183. Suppose -i - 42 = -4*k. What is the units digit of k?
4
Suppose 5*a - 3*r = -6*r + 94639, 5*a - 94667 = r. What is the thousands digit of a?
8
Let j(w) = -3*w**3 + 3*w**2 - 3*w + 1. Let i be j(3). Let g = -58 - i. Suppose 0 = -o - 2*d + 76, g*o - 312 = -3*d - 23. What is the tens digit of o?
7
Let b = -78 - -82. Suppose -4*v - 6*y + 3885 = -7*y, -4*v + b*y + 3876 = 0. What is the hundreds digit of v?
9
Let l = 246 + -243. Suppose -5*a + 1231 = -l*h, -a + 3*h = -2*a + 257. What is the hundreds digit of a?
2
Suppose 2*b - 73683 = -2*w - 12295, 0 = -2*w - 4*b + 61388. What is the tens digit of w?
9
Let g = 13 + -14. Let q(d) = -62*d - 2. Let n be q(g). Let b = n + 31. What is the tens digit of b?
9
Let m = 9586 + -5301. What is the thousands digit of m?
4
Let i(g) = -8*g**2 - 30*g + 8. Let f be i(-4). Let a(o) = -o**3 + 2*o**2 - 5*o + 451. What is the tens digit of a(f)?
5
Suppose 9*c - 6301 - 2762 = 0. Let u = 1529 - c. What is the tens digit of u?
2
Suppose -4918 - 2970 = -2*u + 2542. What is the hundreds digit of u?
2
What is the hundreds digit of (3990 - (-4 + 1)) + 21 + -16 + 1?
9
Let f be 6/(-4)*328/(-3). Suppose 3*r + 4*t - 316 = 7*r, -3*t = -r - 89. Let p = f + r. What is the tens digit of p?
9
Let v = 623 + -270. Let l = v + -175. What is the units digit of l?
8
Let l(a) = -2494*a - 1782. What is the thousands digit of l(-8)?
8
Suppose 4*o + 23871 = -17*w + 20*w, -39759 = -5*w - 2*o. What is the units digit of w?
3
Suppose 673*r - 678*r + 50320 = 0. What is the hundreds digit of r?
0
Suppose 220*w - 40*w = -111*w + 4960095. What is the ten thousands digit of w?
1
Let c(x) = x**2 - x - 3. Let i be 2 - -7 - (7 + -4). Let a = -17 + i. What is the hundreds digit of c(a)?
1
Let x be (-128)/22 + 76/(-418). Let k(y) = y**3 - y**2. Let q(a) = 7*a**3 - a**2 - 20*a + 3. Let z(f) = -6*k(f) + q(f). What is the tens digit of z(x)?
8
Suppose 5*g - 11150 = 3*z, 19*z - 14*z - 6724 = -3*g. Suppose 5*i = g + 2547. What is the tens digit of i?
5
Suppose -2*n + s = 0, 4*n - 3*s + 0*s = 0. Let v(r) = -r**3 + 6*r + 244. What is the units digit of v(n)?
4
Let i be -5 - (3 - (-85)/(-5)). Suppose -d = 2*d - i. Let z(x) = 12*x**2 + 2*x - 7. What is the hundreds digit of z(d)?
1
Let v be 6/(30/(-4)*(-2)/40). Suppose -5436 = -20*l + v*l. Suppose -5*d + l = 4*d. What is the hundreds digit of d?
1
Suppose -12*o + 1403 + 2701 = 0. Suppose t - 50 = -5*b + o, 4*t - b - 1484 = 0. What is the units digit of t?
2
Suppose -6 = -u - 4. Suppose 4*h - u*h + 3*j - 58 = 0, 4*h + 2*j - 116 = 0. What is the tens digit of h?
2
Let z = -162 + 164. Suppose k + k - 588 = -2*s, 576 = z*k - s. What is the tens digit of k?
9
Suppose 10*l = 17578 + 20162. Suppose -15*m + 21*m - l = 0. What is the units digit of m?
9
Let h = 283 + -200. Let s = 155 - h. Let m = s + 139. What is the units digit of m?
1
Let f(i) be the third derivative of 11*i**5/60 - 3*i**4/8 - 25*i**3/6 + 4*i**2 + 1. What is the tens digit of f(-8)?
5
Let k = 86 - 82. Suppose k*m - 296 = -24. Let t = m - -107. What is the hundreds digit of t?
1
Let j(f) = 106*f + 80. Let g be j(-3). Let z = g + 1765. What is the thousands digit of z?
1
Suppose 0 = -652*k + 395*k + 16049393. What is the tens digit of k?
4
Suppose 3*n + 423*g - 18047 = 422*g, 30055 = 5*n - 3*g. What is the hundreds digit of n?
0
Let l(y) = 8 + 10*y - y**3 - 1 + 1 - 2*y**2. Let s be l(-4). Suppose -f - 85 = -3*a + 127, -5*a - f + 348 = s. What is the tens digit of a?
7
Suppose 4*r - 1308 = 31*m - 33*m, -5*m + 3256 = 3*r. What is the tens digit of m?
5
Let n(y) = y**3 + 47*y**2 + 45*y + 527. What is the thousands digit of n(-45)?
2
Let d = 13121 - 6131. What is the units digit of d?
0
Let g be 703/95 + (-4)/10. Suppose g = 4*u - 5. Suppose -2*h + c + c + 314 = 0, u*h - 466 = 2*c. What is the hundreds digit of h?
1
Suppose f + 229 = -2*j, 5*j + 18*f = 17*f - 571. What is the hundreds digit of (-190209)/j - (-2)/(-4)?
6
What is the thousands digit of -6 + 1/(4/42414)*(-72)/(-54)?
4
Let t = -610 + 1734. Suppose -3*s - s + 1140 = -4*x, 4*s = -4*x + t. Suppose 2 = h, 4*h = 3*a - s - 87. What is the hundreds digit of a?
1
Let u be (33/(-22))/((-6)/8). Suppose -2*c - 3*c = -u*q + 723, 0 = -q + 3*c + 363. What is the tens digit of q?
5
Suppose 3*m - 14526 - 5186 = j, -j - 6572 = -m. What is the tens digit of m?
7
Suppose 35*z = 7*z. Suppose -2*a + 9*a - 2709 = z. What is the tens digit of a?
8
Let v(l) = -230*l + 4. Let b be v(-4). Suppose -b = -p - 10*p. Let t = p - -59. What is the units digit of t?
3
Suppose -2*j = -j - s - 10, 3*s + 10 = j. Suppose 9*y - j*y + 4*c + 561 = 0, -3*c = 15. Let x = -317 + y. What is the tens digit of x?
2
Suppose -2*t = 3*h - 1950, -5*t - h + 4865 = 4*h. Suppose -3*m = 2*c - t, -3*m - 2*m + 1617 = 4*c. What is the units digit of m?
1
Suppose 2178*p - 2179*p - 2*c + 68295 = 0, -136562 = -2*p + 3*c. What is the thousands digit of p?
8
Let o(q) = 266*q**2 + 101*q - 228. What is the tens digit of o(13)?
3
Let j = -19 - -20. Let l be 27 + 3/(-2 - j). Let u = 3 + l. What is the units digit of u?
9
Let r be -22*(4 + -2)*1. Let o be (-3)/(18/(-12)) + 0 + r. What is the tens digit of 1804/14 + (-6)/o?
2
Suppose -2*m - 4*u - 10 = -6, 4*m = -u + 6. Suppose -m*y = 108 - 1690. What is the hundreds digit of y?
7
Let n(l) = 992*l - 2206. What is the tens digit of n(10)?
1
Suppose -38*r + 3972731 + 1029929 = 317*r. What is the ten thousands digit of r?
1
Suppose -40*m = -438151 - 223552 + 108383. What is the hundreds digit of m?
8
What is the tens digit of 38/(-627)*11 + ((-281391)/(-9) - -3)?
6
Suppose 0 = 8*x - x. Suppose -4*w = -x*w + 12. What is the units digit of (-426)/w + -8 + 5?
9
Suppose 40776 = 4*t - 5*o, -13*o + 10*o + 40744 = 4*t. What is the tens digit of t?
8
Let y be 176/(-18)*45/60*-6. Suppose 5*x + 12 = m - 26, -5*m - 10 = 0. Let p = y - x. What is the units digit of p?
2
Suppose -93 = 7*n - 121. Suppose -n*r - 5772 = -5*m, 2*m - 2743 = r - 433. What is the hundreds digit of m?
1
Suppose -3*p = 4*a + 8, 0 = p - 5*a - 15 - 14. Suppose -4*m = -p*d - 8, -3 + 1 = -2*m + 3*d. What is the units digit of m + (-3 - -26 - 1)?
6
Suppose -3*o = -v + 8, -3*v + 5*o - 32 = -7*v. What is the tens digit of (34/v + -4)/((-2)/(-376))?
4
Suppose -134*v = -473815 - 995739 - 104678. What is the units digit of v?
8
Suppose -6*f = 1 - 13. Suppose 14 = 5*n - f*s, 0*n - 1 = 2*n - 3*s. What is the units digit of -28*(-3 - (-7)/n)?
5
Let c = 16112 + -5616. What is the hundreds digit of c?
4
Suppose 5*m - 28 - 47 = -3*x, -50 = -2*x - m. Let z be (1/(-1))/((-4)/48). Suppose -z*u + x = -11. What is the units digit of u?
3
Let v(o) = -67*o**2 + 1. Let z be v(1). Let r = z + -73. Let s = 195 + r. What is the units digit of s?
6
Let k(u) = u**2 - 16*u + 21. Let a be k(15). Suppose 4*x - 69 = -z + a*x, 3*x + 207 = 3*z. Let i = 21 + z. What is the units digit of i?
0
Let o = -461 - -466. Suppose 4*m + 5*k = -0*m + 3081, 3*m = o*k + 2337. What is the tens digit of m?
7
Suppose 4*y - 4*s = y + 3054, 5*y = s + 5107. Let i = y - 730. Suppose -102 + i = 5*d. What is the units digit of d?
8
Let l = 11826 + -2982. What is the units digit of l?
4
Suppose 0 = o - 2*z - 2738, -79*z + 10952 = 4*o - 81*z. Let g = o + -1613. What is the thousands digit of g?
1
Suppose 0 = h - 3*z - 261, 12*h + 3*z - 1089 = 8*h. Let j = 578 - h. What is the units digit of j?
8
What is the tens digit of 2/(-40) - 27044586/(-3720)?
7
Let w = 39113 + -67004. What is the hundreds digit of w/(-39) - (5 + (-315)/65)?
7
Suppose -a + 873 = -2*i + 10376, 0 = -2*i - 3*a + 9507. What is the thousands digit of i?
4
Suppose -11*m - 6*m + 34 = 0. Suppose -3